 = j**2 + 4*j + 3. Calculate l(i).
3
Suppose -4*a + 2*r = -0*a - 10, 5*a - 4*r = 14. Let g(n) be the third derivative of 0*n + 1/12*n**4 + 0 + 2*n**2 + 1/3*n**3. What is g(a)?
6
Let n(h) be the second derivative of -h**7/2520 - h**4/3 - 4*h. Let g(q) be the third derivative of n(q). Suppose 0 = -5*k + 2*k - 6. Calculate g(k).
-4
Let s(f) = -f**2 + 8*f - 3. Let u(j) be the first derivative of j**3 - 2*j**2 + 3*j - 1. Let i be u(2). Determine s(i).
4
Let j be -1 - (1 + -2 - 2). Suppose 0 = -j*u + 15 - 5. Suppose -u*p + 13 = -7. Let c(k) = -k**2 + 4*k - 4. What is c(p)?
-4
Let z(g) = 5 - 5 + g. Let q be z(-4). Let d(p) = -10*p + 18. Let u(l) = l - 1. Let i(a) = d(a) + 12*u(a). Calculate i(q).
-2
Let t(v) = -2*v**2 - 9*v - 6. Let w be t(-3). Let u(c) = 3*c**2 - 3*c + 19. Let a(m) = -2*m**2 + 2*m - 13. Let d(g) = 7*a(g) + 5*u(g). Determine d(w).
10
Suppose -a - 4*y - 18 = 0, 4*a - 5*a + 4*y = -6. Let f(h) = h**3 + 7*h**2 + 3*h - 5. Give f(a).
13
Let g(n) = n - 1. Let i be g(6). Let o(z) = -z**3 + 4*z**2 + 7*z - 2. Calculate o(i).
8
Let u(q) = -q**2 + 5*q - 1. Let h be -5 + -1 + (2 - 1). Let m(g) = -g**3 - 6*g**2 - 5*g + 5. Let b be m(h). Determine u(b).
-1
Let i = 25 + -23. Let t(u) = 3*u - 1. Let o(r) = -4*r + 1. Let s(q) = -5*o(q) - 6*t(q). What is s(i)?
5
Let x(h) = 1. Let t(s) = 2*s + 9. Let m(d) = d**2 - 6*d - 1. Let l be m(6). Let b(y) = l*t(y) + 6*x(y). What is b(-3)?
3
Let a(j) = -9 + 48*j**2 - 49*j**2 + 2. Let p be 1 + 6/(-2) + 2. Suppose p*x = x. Determine a(x).
-7
Let w(l) = -2*l + 9*l - 1 - 6*l. Determine w(-1).
-2
Let w(z) be the third derivative of z**9/60480 + z**8/4032 + z**7/1008 + z**6/720 + z**5/30 + 2*z**2. Let r(k) be the third derivative of w(k). What is r(-4)?
-3
Let v = 6 + -1. Suppose u = -2*q - v, 3*q - 3*u = -13 - 17. Let k(b) = b**3 + 6*b**2 + 7*b + 2. Calculate k(q).
-8
Let b(h) = 3*h + 5. Let s(w) = -w**3 + 6*w**2 + 7*w + 3. Let d be s(7). Let l(z) = -3 + d*z - 5*z + 0*z. Let g(o) = -3*b(o) - 5*l(o). Calculate g(-3).
-3
Let w(t) = t - 7. Let g(q) = 1. Let n(k) = 4*g(k) + w(k). Determine n(0).
-3
Let h(y) = 2*y**3 - 6*y**2 - 9*y - 10. Let l be 12*(-3)/(9/2). Let o(f) = 3*f**3 - 9*f**2 - 14*f - 15. Let s(x) = l*h(x) + 5*o(x). Calculate s(4).
-3
Let x(z) = z**2 - 1. Let a(n) = -5*n**2 - 2*n + 6. Let k(j) = -a(j) - 6*x(j). Let h be k(4). Let i = -12 - h. Let m(r) = -2*r - 3. Determine m(i).
5
Suppose 4*i + 2*w = 3*w, 5*i = -2*w. Suppose i = -2*p + 4*p. Let c(s) = s**2 - s + 1. Calculate c(p).
1
Let b(y) = 5*y**2 - y + 12. Let p(g) = 4*g**2 - g + 11. Let w = -13 - -8. Let a(d) = w*b(d) + 6*p(d). What is a(0)?
6
Let m(s) be the first derivative of s**2 + 13. Give m(3).
6
Let a be 2*(-2)/4 + 4. Let t(k) = 0 + a + 0*k - 1 - 3*k. Determine t(-2).
8
Let t(f) = 2*f + 7. Let d(w) = 1. Let s(c) = -6*d(c) + t(c). Determine s(2).
5
Let u(y) = -10*y + 1. Let h(o) = 8 - 3*o - 8. Let a(v) = 7*h(v) - 2*u(v). Suppose 15 = 3*l, 3*k = k + 2*l - 16. Calculate a(k).
1
Suppose -6*j = -2*j + 3*f - 9, 0 = -2*j - 2*f + 2. Let l(y) = y**3 - 7*y**2 + 7*y - 3. Give l(j).
3
Let z(l) be the second derivative of l**5/20 - l**4/12 + 2*l**2 + 8*l. What is z(0)?
4
Suppose 2*i + 4*k = -6, -5*i + 2 = 3*k + 3. Let r be (1/(-3))/(i/9). Let d(s) = s**2 + 5*s + 2. What is d(r)?
-4
Let q(a) = 6*a**2 + 6*a + 45. Let j(l) = -l**2 - l - 9. Let p(z) = -11*j(z) - 2*q(z). Calculate p(0).
9
Let h(w) be the first derivative of 6*w**2 + w + 6. What is h(-1)?
-11
Let o(h) = -9*h - 1. Let n = 10 + -12. Give o(n).
17
Let n(l) = -2*l + 7. Let a(o) = o - 3. Let x(w) = -5*a(w) - 3*n(w). Let r be x(3). Let s(g) = -g - 4. Determine s(r).
-1
Let l(w) = w**3 + w + 9. Let p be (-2)/(2 + -3) + -5. Let n = -3 - p. Calculate l(n).
9
Suppose 0 = -2*r - 4*x + 42, -3*r + 5*x - 3 + 22 = 0. Suppose r*o - 9*o = 0. Let b(c) be the second derivative of -c**3/6 - 3*c**2 + c. Determine b(o).
-6
Let g(f) = -2*f - 6. Let y(w) = 2*w + 5. Let d(b) = -4*g(b) - 3*y(b). What is d(-9)?
-9
Let m = -13 - -10. Let c(z) be the first derivative of -z**6/360 - z**5/60 - z**4/12 - z**3/3 + 1. Let d(x) be the third derivative of c(x). Calculate d(m).
-5
Let s = -94 + 104. Let f(n) = -n**2 + 9*n + 12. Give f(s).
2
Suppose 11 = -5*o - 14. Let u(l) = -l - 2. What is u(o)?
3
Let q(d) = -d**2 + 5*d - 1. Suppose 8*l - 3*l + 25 = 0. Let t = l - -9. Determine q(t).
3
Let j(k) = 3*k + 17. Let i(a) = -a - 6. Let h(b) = -8*i(b) - 3*j(b). Suppose -5*q - t + 28 = -3*t, 2*t = -8. Calculate h(q).
-7
Suppose 0 = -2*s + 6*s - 16. Let o(r) = -3*r**2 + r - 5. Let w(n) = 7*n**2 - 3*n + 11. Let c(q) = s*w(q) + 9*o(q). What is c(3)?
-1
Let g(b) = b**3 - 5*b**2 - 7*b - 3. Suppose -4*l = -2*l - 12. Give g(l).
-9
Let x(j) = -3*j**3 + j**2 - 9*j + 5. Let k(w) = -2*w**3 + w**2 - 5*w + 3. Let i(v) = -5*k(v) + 3*x(v). Calculate i(3).
3
Let a be -3*(-4)/(-6) + 4. Let y(c) = 5*c - 3*c + a*c + 1 - 3. Calculate y(3).
10
Let f(q) be the third derivative of 0 - q**2 + 0*q - 1/12*q**5 - 1/120*q**6 + 5/24*q**4 - 1/3*q**3. Determine f(-6).
4
Let r(l) = 2 - 5 - 5*l**2 + 1 - l**3. Let h(y) be the third derivative of y**5/60 - 7*y**4/24 + y**3/6 + 2*y**2. Let u be h(6). Give r(u).
-2
Let b = -12 - -18. Let f be -1 - 0 - b/(-2). Let o(q) = f*q - 4 + 4*q**2 + 5 + 0. What is o(-1)?
3
Let m be -1 - ((1 - -1) + 1). Let d(t) = -t**3 - 3*t**2 + 0*t**2 - 1 + 4 + 4*t. What is d(m)?
3
Let o(d) = 2*d**2 + d. Let y be (-3)/((-1)/(12/9)). Suppose -6*s + y*s = -4. What is o(s)?
10
Suppose 4 + 6 = 5*t. Let p(d) = 2 - 7*d**t - 7 + 6. Give p(1).
-6
Let j(q) = -q - 2*q**3 + q**2 + 0*q**2 + 3*q**3. Suppose -15 = 3*t - 0*t. Let p = 4 + t. Determine j(p).
1
Let o(y) = y. Let g(s) = 5*s - 2*s - 5 + s. Let d(t) = g(t) - 3*o(t). Let u = -7 - -7. Give d(u).
-5
Let b(u) be the first derivative of -3 + 2/3*u**3 + 3/2*u**2 - 3*u. Let v(m) be the first derivative of b(m). Determine v(-2).
-5
Let n = 71/4 - 65/4. Let g(z) be the first derivative of 2*z + n*z**2 + 2. What is g(-3)?
-7
Let b(c) = -7*c**3 + 9*c**2 + 7*c - 6. Let l(a) = -a**3 + a**2 + a - 1. Let r(p) = b(p) - 6*l(p). Let w be r(3). Let q(v) = v - 3 - 3 + w. Determine q(0).
-3
Suppose 3*l + 10 = 2*c + 1, -3*l = -4*c + 15. Let f(k) = 3*k - k**2 + 0 - 1 + 2. Give f(c).
1
Let o(z) = -z**2 - 5*z - 5. Suppose 0 = -11*a + 14*a. Let i = -4 - a. Calculate o(i).
-1
Let h(s) = -3*s + 3. Let b(t) = 3*t - 2. Let r(i) = 6*b(i) + 5*h(i). What is r(-4)?
-9
Let f(d) = 2*d**2 - 28*d - 6. Let w be f(14). Let a(z) be the first derivative of -z**3/3 - 4*z**2 - 7*z + 1. Give a(w).
5
Let q(j) = j**2 - 4*j - 4. Let s(g) = g**2 - 5*g - 4. Let u(v) = -7*q(v) + 6*s(v). Let h(r) = -r**2 + 13 + 4*r - 5 + 0*r**2. Let a be h(6). Determine u(a).
-4
Let v(x) = 7*x**2 + 5*x + 7. Let g = -7 + 12. Let o(i) = -3*i**2 - 2*i - 4. Let s(w) = g*o(w) + 2*v(w). Determine s(0).
-6
Let q(o) = 15*o**3 - 23*o**2 + 11*o - 25. Let w(p) = -12 + 5*p + 0*p - 11*p**2 + 0 + 7*p**3. Let z(n) = 6*q(n) - 13*w(n). Give z(5).
11
Let o = 117 + -116. Let m(d) = 3*d**2 - 6*d**2 - 2*d**2. Calculate m(o).
-5
Let o(u) = 2*u**2 + u + 3. Let v(r) = 4 + 0*r**2 + 3*r**2 + 0 + 2*r. Let p be 3 + (9/(-3) - -4). Let s(h) = p*o(h) - 3*v(h). Determine s(-1).
1
Let c(a) = -10*a**2 + 4*a + 5. Let l(q) = 3*q**2 - q - 2. Let p(s) = -2*c(s) - 7*l(s). Calculate p(5).
-26
Let i(l) = -l**3 + 7*l**2 + 6*l + 7. Let x = -95 - -103. What is i(x)?
-9
Let m(d) be the third derivative of d**4/24 - d**3/2 - 12*d**2. Determine m(0).
-3
Suppose -3 + 8 = 5*r. Let l = r + 4. Let g(b) = -b - 12. Let v(p) = -p - 8. Let s(m) = l*g(m) - 8*v(m). Give s(-3).
-5
Suppose 109 = -4*t + 5. Let p be (-4)/20 + t/(-5). Let m(l) = -l**3 + 6*l**2 - 5*l + 6. Determine m(p).
6
Let a be (-8 - 2)*1/(-2). Let h = -9 + 14. Let r = a - h. Let o(x) = x**2 + x - 3. What is o(r)?
-3
Let j = -3 - -5. Suppose -3*h - j*h + 10 = 0. Let o(n) be the third derivative of n**4/8 - n**3/2 + 5*n**2. What is o(h)?
3
Let z(q) = -q - 1. Suppose 66*i + 12 = 69*i. What is z(i)?
-5
Suppose 4*z - 13 + 5 = 2*q, -2*z = q. Let o be (1*2)/((-2)/(-4)). Let r(m) = m**2 + 3*m**2 - 3*m**3 + o*m + 2 + 4*m**3. Calculate r(q).
2
Let s(h) = h**2 - h - 2. Let v(c) = c**3 + 6*c**2 + c + 8. Let j be (-1)/((-57)/(-27) + -2). Let d = -15 - j. Let l be v(d). Calculate s(l).
0
Let d(o) = -1 - o - 4*o + 6*o. Suppose -2 = -4*b + 22. Determine d(b).
5
Let x = -2 - -3. L